what is -11001011111000101110 - 10000011?
-11001011111010110001
In base 16, what is a6c7 + 216?
a8dd
In base 16, what is -b + 191cd54?
191cd49
In base 4, what is 133030 + -2332102?
-2133012
In base 7, what is -13 + 425203140?
425203124
In base 2, what is -1101111 - 10110000010100?
-10110010000011
In base 13, what is -355a038 + -5?
-355a040
In base 11, what is 1599639 - -3?
1599641
In base 7, what is -10130655 + 14?
-10130641
In base 3, what is 102 + 100011021210222?
100011021211101
In base 13, what is -50248 - 179?
-503c4
In base 9, what is -368765 + 8?
-368756
In base 12, what is -591125 - -17?
-59110a
In base 15, what is -96 - -15a8ad?
15a817
In base 5, what is -30233 - -10134430?
10104142
In base 6, what is 20400533 - -11?
20400544
In base 15, what is -11d5 + 6cb?
-a09
In base 12, what is 31 - -a66222a?
a66225b
In base 8, what is -56 - -346643?
346565
In base 16, what is -22b3 + 11328?
f075
In base 14, what is 362c + -14d0?
213c
In base 14, what is 3c + 788079?
7880b7
In base 5, what is 21000 + -32112?
-11112
In base 14, what is -6675d - -77?
-666c6
In base 10, what is -1 + -2883307?
-2883308
In base 13, what is -a68c41 - 5b?
-a68c9c
In base 2, what is -11011010111100111110110000 - 10?
-11011010111100111110110010
In base 11, what is 52521 - -41a?
52940
In base 9, what is -3057 + 230017?
225850
In base 9, what is 588 + -62888?
-62300
In base 2, what is -100000 - 1001101010110000110110?
-1001101010110001010110
In base 16, what is -227fc + -5f?
-2285b
In base 12, what is -67 + a20794?
a20729
In base 6, what is -11 - 23351025?
-23351040
In base 15, what is -2962 - 512?
-2e74
In base 5, what is 1431010 - -4303?
1440313
In base 12, what is 670064 + 1?
670065
In base 6, what is -5 + -5211245300?
-5211245305
In base 15, what is 1a + -2133720?
-2133705
In base 4, what is 11 + -1120333210130?
-1120333210113
In base 14, what is 4 - -22110?
22114
In base 2, what is -101001000010011011011 - 1001001?
-101001000010100100100
In base 4, what is 330 - -20131232231?
20131233221
In base 12, what is -167a10 + 2512?
-1654ba
In base 12, what is -248b791 + 2?
-248b78b
In base 2, what is -1001010001111001101101100 - -10?
-1001010001111001101101010
In base 14, what is c13d2 + 38?
c142a
In base 11, what is 9575 - -840?
a305
In base 8, what is -276441633 - -1?
-276441632
In base 2, what is -10010010 - 1010110101011110101?
-1010110101110000111
In base 3, what is 1212 - 1021010202?
-1021001220
In base 10, what is 1 - 6433645?
-6433644
In base 3, what is -2 - 21201120200021012?
-21201120200021021
In base 9, what is -670587 - 704?
-671402
In base 7, what is -5410 + -63433?
-102143
In base 3, what is -11121 - 1002002012021?
-1002002100212
In base 13, what is 1034 + 379?
13b0
In base 10, what is -481824 + 23?
-481801
In base 7, what is 104233506 - -22?
104233531
In base 7, what is 231430 + -212?
231215
In base 16, what is -3d8 - 28dc?
-2cb4
In base 2, what is 10001 - -1100101101110100011111110?
1100101101110100100001111
In base 8, what is -76221 - 414?
-76635
In base 5, what is 40444000030 + 1?
40444000031
In base 7, what is 4 - 21422036?
-21422032
In base 5, what is 120 + 31312241?
31312411
In base 12, what is 3 + 9103920?
9103923
In base 2, what is -11110010111110100110111 - 0?
-11110010111110100110111
In base 10, what is -4019 - 498?
-4517
In base 4, what is 10331023003 + -1211?
10331021132
In base 5, what is -301 + -1201142?
-1201443
In base 14, what is -42973a - -2?
-429738
In base 3, what is 120011 + -120221101?
-120101020
In base 5, what is 42431204 + 23?
42431232
In base 4, what is 1233102231 + 1?
1233102232
In base 12, what is -17 + 443b9?
443a2
In base 2, what is -1110001010001 + 1001011111?
-1100111110010
In base 4, what is -11 - -3233212203113?
3233212203102
In base 3, what is -112011 - -211022100?
210210012
In base 12, what is -13 - 1692aa2?
-1692ab5
In base 15, what is -2 + -ee8227c?
-ee8227e
In base 10, what is 4 + 197236501?
197236505
In base 11, what is 2 - 389950?
-389949
In base 3, what is -21201101022222021 + 1?
-21201101022222020
In base 7, what is -22 + 1145542?
1145520
In base 5, what is 21242311324 + -41?
21242311233
In base 8, what is 5 + -1333512?
-1333505
In base 9, what is -8671 + -3720?
-13501
In base 6, what is -12 - 1221323323?
-1221323335
In base 16, what is 1 + -5518203?
-5518202
In base 9, what is 602 - -21215?
21817
In base 16, what is -24942 - -15?
-2492d
In base 6, what is 0 - -413042002?
413042002
In base 2, what is 10 - 1011100010000000000000010?
-1011100010000000000000000
In base 15, what is 5 - 4be0a3?
-4be09d
In base 8, what is -3 - -24103061?
24103056
In base 15, what is -1bc0 + -19ea?
-36ba
In base 6, what is 304 - 1215342?
-1215034
In base 12, what is -2645 + -3692?
-6117
In base 10, what is -4 + 77137673?
77137669
In base 9, what is 2 + -61832871?
-61832868
In base 13, what is -2167b9 - 122?
-21690b
In base 8, what is -225604 - 1262?
-227066
In base 11, what is 137 + -33204?
-33078
In base 3, what is 1010212020000 - -110212?
1010212200212
In base 16, what is 7 - 1e4fe0?
-1e4fd9
In base 4, what is -22312232022 - 313?
-22312233001
In base 2, what is -1000 - -10101100100011111011011101?
10101100100011111011010101
In base 12, what is -20 + -284b8b5?
-284b915
In base 2, what is 1101000110111000011010 - 11000?
1101000110111000000010
In base 3, what is -10120202 - -1201100122?
1120202220
In base 3, what is -122 - -2000100122010210?
2000100122010011
In base 3, what is 11 - -1200112022222122?
1200112022222210
In base 14, what is 5c1615 + -3?
5c1612
In base 3, what is -1000000 + 22112000112?
22111000112
In base 4, what is 310230102312310 + 10?
310230102312320
In base 2, what is 10001 - -1000101001111011?
1000101010001100
In base 5, what is -11342331 - -31343?
-11310433
In base 4, what is -120003000 - -122030?
-113220310
In base 2, what is -101111110110011 + -111111110010?
-110111110100101
In base 10, what is -62 + 575588?
575526
In base 9, what is -2281462 - 2?
-2281464
In base 4, what is -23 + 10300302312?
10300302223
In base 8, what is 637641242 - -4?
637641246
In base 11, what is 2 - -104334?
104336
In base 16, what is -a + -704aa?
-704b4
In base 5, what is -1340013414 + -20?
-1340013434
In base 6, what is -1 + 341054003?
341054002
In base 13, what is 13969 - 188?
137b1
In base 11, what is 968 - -2231?
3099
In base 4, what is -1210230 - -10220323?
3010033
In base 10, what is 232642 - 22?
232620
In base 14, what is -88c58b + -1c7?
-88c774
In base 6, what is -54015 - 13123?
-111142
In base 15, what is 155c47 - 3?
155c44
In base 8, what is 3 - 615513?
-615510
In base 10, what is -4399894 + 7?
-4399887
In base 15, what is -3ba - -2838e?
27ec4
In base 12, what is -38 - -1b8b771?
1b8b735
In base 5, what is -1201312 + -3141?
-1210003
In base 10, what is -86 - -178106?
178020
In base 16, what is 28626 + -1458?
271ce
In base 7, what is -34354 - 454506?
-522163
In base 7, what is 11344125 - -52?
11344210
In base 12, what is -6931 - 2697?
-9408
In base 11, what is 4027 + 152?
4179
In base 3, what is 100 + 1201120011112?
1201120011212
In base 12, what is -5 - -8781540?
8781537
In base 10, what is 545 + -1024398?
-1023853
In base 15, what is -23 - 6d58e?
-6d5b2
In base 2, what is 100100000000010010001 - 11?
100100000000010001110
In base 6, what is -1550434 + 3312?
-1543122
In base 15, what is -27 - 27130?
-27157
In base 12, what is 12 - 1978431?
-197841b
In base 3, what is -10121002212212 - 10111?
-10121010000100
In base 14, what is -93a9c - 1d?
-93abb
In base 7, what is -1630122530 + 2?
-1630122525
In base 7, what is 304630154 + -12?
304630142
In base 4, what is -21 + -1113223111133?
-1113223111220
In base 12, what is -b662 + a3?
-b57b
In base 9, what is -52076516 + -2?
-52076518
In base 7, what is -31314 + 400606?
336262
In base 2, what is -101011000100010000101101010 - 10?
-101011000100010000101101100
In base 9, what is 8 + -2471250?
-2471241
In base 7, what is 403366 - -304?
404003
In base 14, what is -c8639 + 481?
-c8198
In base 9, what is -3 + 1855835?
1855832
In base 14, what is 146 - 481c1?
-48079
In base 3, what is -2020002100 + 1112?
-2020000211
In base 12, what is -382 - 15807?
-15b89
In base 8, what is -2 - -63054043?
63054041
In base 6, what is -151023300 - 334?
-151024034
In base 12, what is -2 + -55b5558?
-55b555a
In base 16, wh